 k and g.
53
Let l = 28 - 16. Let t be (-41)/82 + 67/2. Suppose -t*d + 5928 = 5*d. What is the highest common divisor of d and l?
12
Suppose 0 = -3*u + u + 92. Suppose -k + 63*c = 66*c - 222, -2*k - 5*c + 439 = 0. Calculate the greatest common factor of k and u.
23
Suppose -4*d = -20, 27*v - 26*v - 41 = -4*d. Calculate the greatest common divisor of v and 30639.
21
Let p(g) = -g**2 - 9*g - 8. Let m be p(-7). Suppose 25 = t + 4*f - 2*f, -3*f - m = 0. Calculate the greatest common divisor of 29 and t.
29
Let w be (-4480)/9504 + (-2)/27 + 122/22. What is the highest common divisor of 6385 and w?
5
Suppose 0*l + 294 = 6*l. Let o = l - 41. Suppose 2*b - 45 + 29 = 0. What is the greatest common factor of b and o?
8
Let i be -1*((-14)/3)/((-46)/(-69)). Suppose -48 = -2*s - 4*n, -n + 75 - i = 4*s. Let l = 2 + 14. What is the highest common divisor of l and s?
16
Suppose 0 = 4*n + 2*n - 252. Calculate the greatest common factor of n and 1078.
14
Suppose -v - 7*d - 107 = -2*d, 5*v = -2*d - 443. Let s = -228 - -156. Let g = s - v. Calculate the greatest common divisor of g and 6.
3
Suppose 0 = -6*q + 18*q - 156. Suppose 4 = -q*i + 15*i. Calculate the greatest common divisor of 37 and i.
1
Suppose -6*r - 252 = -15*r. Suppose -3*n + 7*d + 128 = 5*d, -n = 3*d - r. Calculate the greatest common divisor of n and 270.
10
Let v be 66/24 - 4/(-16). Let r(a) = a**3 + a**2 + 5. Let c be r(0). Suppose -18 = 3*w - c*w. What is the greatest common divisor of w and v?
3
Let h(l) = -8*l**3 - 2*l**2 - 2*l. Let i be h(-2). Suppose 24*j - 225 = 15*j. Suppose -j*d + 683 = 183. Calculate the greatest common factor of d and i.
20
Suppose 5*t = 3*q - 348, 2*q - 140 = -0*t + 2*t. Let j be (-470)/(-6) + 23/t. Calculate the greatest common divisor of 91 and j.
13
Let s be ((-310)/15)/((-4)/54). Let q = -320 + 329. What is the highest common divisor of s and q?
9
Suppose -3*z + 4*q = 1, 4*q = 9*q - 5. Let m(s) = -s**2 - 15*s - 39. Let f be m(-10). Calculate the highest common factor of f and z.
1
Let a = -1173 - -1203. What is the greatest common factor of a and 822?
6
Suppose 4 = -4*z, 0 = -4*j + 2*z - 312 + 870. Suppose -1 + j = -3*g. Let l = g + 48. Calculate the greatest common divisor of l and 2.
2
Let c = -220 - -324. Calculate the highest common factor of 16328 and c.
104
Let t be 1 - ((-8)/10)/((-28)/(-5110)). Suppose -15 = 5*y, -5*y + 30 = l - 8*y. Calculate the highest common divisor of t and l.
21
Let m(q) = 49*q**2 + 75*q + 138. Let y be m(15). What is the highest common factor of 48 and y?
48
Let t(m) = 4*m**2 - 30*m - 367. Let h be t(-14). Suppose 0 = 13*k - h - 892. Calculate the greatest common factor of k and 14.
7
Let u(v) = -2*v**2 + 65*v + 164. Let m be u(32). What is the greatest common factor of m and 84?
28
Let j(g) = -4*g + 4159. Let x be j(79). What is the highest common factor of 189 and x?
63
Let v(x) = 23*x - 9. Let k be v(8). Suppose t = 3*w - 47, -3*t - k = t + w. Let a = -2 - t. What is the greatest common divisor of 14 and a?
14
Let l(a) = -184*a + 1668. Let y be l(7). What is the greatest common divisor of 6384 and y?
76
Let w be 1145658/632 + 1/(-3)*9/4. Calculate the greatest common factor of 24 and w.
12
Suppose 656*k - 68*k - 2940 = 0. What is the highest common factor of 569 and k?
1
Suppose 5639 = 21*i - 1627. Suppose 464 = 18*j - i. What is the greatest common divisor of j and 120?
15
Let y(z) = -z**2 - 24*z - 1. Let q be y(-10). Let s = 159 - q. Calculate the greatest common divisor of s and 80.
20
Suppose -5*s + 5*z = -5, 2*s - z - 5 + 2 = 0. Let b = -456 + 92. Let p = b + 386. What is the greatest common divisor of s and p?
2
Suppose 36*b - 667 - 4541 = -88*b. Let s = 6 - -8. Calculate the highest common factor of b and s.
14
Let t = -7 - -11. Let l be t + 2 + 1 - 3. Suppose -l*r + 4*u + 296 = 0, 3*u = -2*r + 2*u + 160. Calculate the greatest common factor of 117 and r.
39
Let d = -26 - 599. Let i be (-4)/(-6) - d/75. Let b(w) = w**3 + 4*w**2 - w - 1. Let h be b(-4). What is the highest common factor of h and i?
3
Let t(p) be the third derivative of p**4/8 + p**3/3 + 15*p**2. Let f be t(-10). Let v = 8 - f. Calculate the highest common factor of 12 and v.
12
Let c(d) = -2*d**3 + 3*d**2 + d - 1. Suppose 7 - 3 = -2*t. Let s be c(t). Suppose -87*k + 35 = -80*k. What is the greatest common divisor of s and k?
5
Let i = -18 + 43. Let v(b) = 2*b**2 + 18*b + 60. Let k be v(-20). Calculate the highest common factor of k and i.
25
Suppose 0 = 4*z - 16 - 4. Suppose -z*y - 10 = -75. Suppose -46 = 12*i - y*i. What is the greatest common factor of i and 69?
23
Let r(m) be the third derivative of m**5/30 - 3*m**4/8 + 19*m**3/6 - 18*m**2. Let z be r(7). Calculate the greatest common divisor of z and 90.
18
Let u(d) = -7*d + 400. Let n be u(25). Suppose 5*t = 451 + 49. What is the greatest common divisor of t and n?
25
Suppose 0 = -2*i + 5*x + 40, -3*i - 5*x - 491 + 501 = 0. What is the greatest common factor of 14890 and i?
10
Let i = 26194 + -26034. What is the highest common factor of 52160 and i?
160
Let s be (-16 + 21)*(1 - (3 - -1)). Let j be (-693)/(-44) + s/20. Let h = 11 + -5. What is the highest common divisor of h and j?
3
Let u be -691*(0 + 0/(-2) + -11). Calculate the highest common divisor of u and 55.
11
Suppose -250*y + 2011 = 761. Let s = -206 + 341. Calculate the highest common factor of s and y.
5
Let n(i) = 5*i + 169. Let m be n(26). Suppose 0 = -v + m - 272. What is the highest common factor of v and 45?
9
Let o be (-7 - (-741)/15)*5. Suppose -o - 208 = -14*q. Calculate the greatest common divisor of 960 and q.
30
Suppose -23*i + 24*i - 1120 = 5*m, -3360 = -3*i - m. Calculate the greatest common factor of i and 665.
35
Suppose -3*b + 12 = l, -2*b - 16 = -2*l - 0*l. Suppose 0 = -4*n + 5*t + 2464, -7*t - 2464 = -4*n - l*t. Calculate the greatest common factor of 22 and n.
22
Let b be (10/10 + -2)/((-13)/1443). What is the highest common divisor of b and 5550?
111
Suppose -81*g + 74*g = -952. Calculate the highest common divisor of 1496 and g.
136
Suppose -22*r + 20*r + 160 = 0. Let t be (-25 - -145)*1/(15/18). Calculate the highest common divisor of t and r.
16
Let w be (-861)/(-246) + 1006/4. Calculate the highest common factor of w and 7140.
255
Suppose -h - 4*l = 134, 14*h = 17*h - 5*l + 419. Let u = h + 158. What is the greatest common factor of 1280 and u?
20
Let n(r) = 2*r**2 - 74*r + 600. Let p be n(10). What is the highest common divisor of p and 2560?
20
Let b(a) = a**3 - 3*a + 2. Let x be b(3). Suppose 4*n - 56 = -5*c, 2*c + 405 = -n + 422. Calculate the highest common divisor of x and c.
4
Suppose u - 386 = 938*t - 942*t, -5*u + 220 = 2*t. Let m be -2 - (-23 + (2 - 0)). Calculate the greatest common factor of t and m.
19
Suppose 11 = f, 2189 = 5*x + 13828*f - 13824*f. Suppose g = -2*g - 9, 5*g - 24 = -d. Calculate the highest common factor of d and x.
39
Suppose 5*s = 775 + 425. Let v be ((-17)/2)/(5*(-6)/s). Let r = -57 + v. Calculate the greatest common divisor of r and 55.
11
Let c = 338 + -311. Suppose 23 = 3*p - 23*k + c*k, 4*p + 5*k = 30. What is the highest common divisor of 135 and p?
5
Suppose 1394 = 5*y + 3*f, y = -4*f + 2*f + 276. Let p(z) = z**2 + 8*z - 25. Let r be p(-13). Calculate the highest common factor of y and r.
40
Suppose -16*d + 801 = -111. Suppose -4*p - 5*g + d = 0, -2*p = g - 4*g - 23. Calculate the greatest common factor of p and 13.
13
Suppose 2*u - 246 = -4*q, 2*u + q - 324 + 63 = 0. What is the highest common factor of 21 and u?
7
Suppose -10*o + 27665 = -15*o. Let t be 6/(-8) - (o/44 - 10). What is the highest common divisor of t and 60?
15
Suppose -43 = 11*d - 43. Suppose -2*p - 24 + 164 = d. Calculate the highest common divisor of p and 10.
10
Let k be (9 - (3 + 3)) + -3. Suppose 22 = y + 3*s, k = 3*y + 2*y + s - 166. What is the highest common divisor of 289 and y?
17
Let f = -123 + 128. Suppose 0 = -0*j - f*j + p + 101, 5*j - 5*p - 105 = 0. What is the highest common divisor of 30 and j?
10
Suppose 0 = 4*b - 31 + 3. Let h be 1 + (12/9 - 30/(-45)). Calculate the highest common factor of b and h.
1
Let r = 375 - 397. Let h be ((-22)/4)/((-1)/(-6)). Let b = r - h. Calculate the highest common factor of b and 88.
11
Let b = 354 - 352. Suppose 9*f = b*p + 13*f - 16, -32 = -p + 4*f. What is